{"id":19,"date":"2022-04-21T07:23:53","date_gmt":"2022-04-21T07:23:53","guid":{"rendered":"http:\/\/www.desandugme.net\/?page_id=19"},"modified":"2022-04-21T09:14:41","modified_gmt":"2022-04-21T09:14:41","slug":"hakkimizda","status":"publish","type":"page","link":"http:\/\/www.desandugme.net\/?page_id=19","title":{"rendered":"Hakk\u0131m\u0131zda"},"content":{"rendered":"\n<p>1990 da&nbsp;y\u0131l\u0131nda kurulan DESAN D\u00dc\u011eME 1500 m(2) kapal\u0131 alana sahip son teknoloji makinelerle donat\u0131lm\u0131\u015f fabrikas\u0131nda d\u00fcnya standartlar\u0131nda \u00fcretim yapmaktad\u0131r. \u0130htiyac\u0131n\u0131z olan her \u00e7e\u015fit d\u00fc\u011fme \u00fcretimini yapabilmekle beraber, d\u00fc\u011fme sekt\u00f6r\u00fcndeki teknolojik geli\u015fmeleri \u00e7ok yak\u0131ndan takip etmekteyiz.<\/p>\n\n\n\n<p>\u00a0G\u00fcnl\u00fck \u00fcretim kapasitemiz 4.000.000 adet d\u00fc\u011fmedir. Otomasyon sistemi ile \u00fcretti\u011fimiz d\u00fc\u011fmelerimiz her t\u00fcrl\u00fc teste tabi tutulabilir..<\/p>\n\n\n\n<figure class=\"wp-block-gallery has-nested-images columns-default is-cropped wp-block-gallery-1 is-layout-flex wp-block-gallery-is-layout-flex\">\n<figure class=\"wp-block-image size-large\"><img loading=\"lazy\" decoding=\"async\" width=\"250\" height=\"250\" data-id=\"153\" src=\"http:\/\/www.desandugme.net\/wp-content\/uploads\/2022\/04\/mag1.jpg\" alt=\"\" class=\"wp-image-153\" srcset=\"http:\/\/www.desandugme.net\/wp-content\/uploads\/2022\/04\/mag1.jpg 250w, http:\/\/www.desandugme.net\/wp-content\/uploads\/2022\/04\/mag1-150x150.jpg 150w\" sizes=\"auto, (max-width: 250px) 100vw, 250px\" \/><\/figure>\n<\/figure>\n\n\n\n<p>&nbsp;V\u0130ZYONUMUZ<br>T\u00fcrk ve D\u00fcnya D\u00fc\u011fme sanayi\u2019nde en kaliteli en g\u00fcvenilir ve uluslar aras\u0131 standartlarda bir D\u00fc\u011fme \u00fcretim firmas\u0131 olmak.<\/p>\n\n\n\n<p>&nbsp;M\u0130SYONUMUZ<\/p>\n\n\n\n<ol class=\"wp-block-list\"><li>\u0130nsana ve teknolojiye yat\u0131r\u0131m yapmak suretiyle d\u00fc\u015f\u00fck maliyetlerde kaliteli \u00fcretim yaparak kendi sekt\u00f6r\u00fcnde \u00f6nc\u00fc olmak.<\/li><li>M\u00fc\u015fteri memnuniyeti en \u00fcst d\u00fczeyde tutmak.<\/li><li>\u00dcr\u00fcn yelpazesi ve rekabet\u00e7i&nbsp; konumu ile tercih edilen, T\u00fcrkiye\u2019nin \u00f6nde gelen ve sekt\u00f6rde her zaman fark olu\u015fturan bir firma olmak..<\/li><\/ol>\n","protected":false},"excerpt":{"rendered":"<div class=\"slide-text-bg2\"><span>1990 da&nbsp;y\u0131l\u0131nda kurulan DESAN D\u00dc\u011eME 1500 m(2) kapal\u0131 alana sahip son teknoloji makinelerle donat\u0131lm\u0131\u015f fabrikas\u0131nda d\u00fcnya standartlar\u0131nda \u00fc<\/span><\/div>\n<div class=\"slide-btn-area-sm\"><a href=\"http:\/\/www.desandugme.net\/?page_id=19\" class=\"slide-btn-sm\">Devam\u0131n\u0131 oku<\/a><\/div>\n","protected":false},"author":1,"featured_media":0,"parent":0,"menu_order":0,"comment_status":"closed","ping_status":"closed","template":"","meta":{"footnotes":""},"class_list":["post-19","page","type-page","status-publish","hentry"],"_links":{"self":[{"href":"http:\/\/www.desandugme.net\/index.php?rest_route=\/wp\/v2\/pages\/19","targetHints":{"allow":["GET"]}}],"collection":[{"href":"http:\/\/www.desandugme.net\/index.php?rest_route=\/wp\/v2\/pages"}],"about":[{"href":"http:\/\/www.desandugme.net\/index.php?rest_route=\/wp\/v2\/types\/page"}],"author":[{"embeddable":true,"href":"http:\/\/www.desandugme.net\/index.php?rest_route=\/wp\/v2\/users\/1"}],"replies":[{"embeddable":true,"href":"http:\/\/www.desandugme.net\/index.php?rest_route=%2Fwp%2Fv2%2Fcomments&post=19"}],"version-history":[{"count":5,"href":"http:\/\/www.desandugme.net\/index.php?rest_route=\/wp\/v2\/pages\/19\/revisions"}],"predecessor-version":[{"id":163,"href":"http:\/\/www.desandugme.net\/index.php?rest_route=\/wp\/v2\/pages\/19\/revisions\/163"}],"wp:attachment":[{"href":"http:\/\/www.desandugme.net\/index.php?rest_route=%2Fwp%2Fv2%2Fmedia&parent=19"}],"curies":[{"name":"wp","href":"https:\/\/api.w.org\/{rel}","templated":true}]}}